{"id":257,"date":"2018-06-13T09:12:01","date_gmt":"2018-06-13T09:12:01","guid":{"rendered":"http:\/\/cursoliturgia.cpl.es\/?page_id=257"},"modified":"2018-08-28T06:12:52","modified_gmt":"2018-08-28T06:12:52","slug":"programa-i-professors","status":"publish","type":"page","link":"http:\/\/cursoliturgia.cpl.es\/?page_id=257","title":{"rendered":"Programa i professorat"},"content":{"rendered":"<p><span style=\"color: #0000ff;\"><a style=\"color: #0000ff;\" href=\"http:\/\/cursoliturgia.cpl.es\/wp-content\/uploads\/2018\/08\/Programa-dactivitats-2018.pdf\" target=\"_blank\" rel=\"noopener\"><strong>Programa del curs: <\/strong><\/a><\/span><\/p>\n<ul>\n<li>El sentit de la Lit\u00fargia de les Hores<\/li>\n<li>L\u2019any lit\u00fargic<\/li>\n<li>Els salms de Laudes i de Vespres<\/li>\n<li>Els Pares de l\u2019Esgl\u00e9sia<\/li>\n<li>Cantar la Lit\u00fargia<\/li>\n<li>Els c\u00e0ntics del Nou Testament<\/li>\n<li>Laudes i Vespres al monestir, a la parr\u00f2quia i a la vida quotidiana<\/li>\n<\/ul>\n<p><a href=\"http:\/\/cursoliturgia.cpl.es\/wp-content\/uploads\/2018\/08\/Programa-dactivitats-2018.pdf\" target=\"_blank\" rel=\"noopener\"><img loading=\"lazy\" class=\"wp-image-264 aligncenter\" src=\"http:\/\/cursoliturgia.cpl.es\/wp-content\/uploads\/2018\/06\/057-1024x680.jpg\" alt=\"\" width=\"415\" height=\"278\" \/><\/a><\/p>\n<p>Ens hi <strong>acompanyaran <\/strong>per aprofundir-hi:\u00a0 <strong><a href=\"https:\/\/www.cpl.es\/autores\/detalle\/37?lang=cat\" target=\"_blank\" rel=\"noopener\">Xavier Aymerich<\/a>, <a href=\"https:\/\/www.cpl.es\/autores\/detalle\/21?lang=cat\" target=\"_blank\" rel=\"noopener\">Joan Babur\u00e9s<\/a>, <a href=\"https:\/\/www.cpl.es\/autores\/detalle\/29?lang=cat\" target=\"_blank\" rel=\"noopener\">Josep Lligadas<\/a>, <a href=\"http:\/\/www.teologia-catalunya.cat\/ca\/la-facultat\/els-nostres-professors\/altres-invitats\/110\/5\/636\" target=\"_blank\" rel=\"noopener\">Olga Nicolau<\/a>, <a href=\"https:\/\/www.cpl.es\/autores\/detalle\/42?lang=cat\" target=\"_blank\" rel=\"noopener\">Llu\u00eds Prat<\/a>, <a href=\"https:\/\/www.facebook.com\/ramon.ribera.52\" target=\"_blank\" rel=\"noopener\">Ramon Ribera-Marin\u00e9<\/a>, <a href=\"https:\/\/www.cpl.es\/autores\/detalle\/47?lang=cat\" target=\"_blank\" rel=\"noopener\">Merc\u00e8 Sol\u00e9<\/a>, <a href=\"https:\/\/www.cpl.es\/autores\/detalle\/46?lang=cat\" target=\"_blank\" rel=\"noopener\">M. \u00c0ngels Termes<\/a> i <a href=\"https:\/\/www.cpl.es\/autores\/detalle\/23?lang=cat\" target=\"_blank\" rel=\"noopener\">Joan Torra<\/a>. <\/strong><\/p>\n<p><strong>Resarem<\/strong> la Lit\u00fargia de les i de Hores i <strong>ens hi endinsarem <\/strong>\u00a0per con\u00e8ixer una mica millor alguns salms i lectures, i com s\u2019estructuren al voltant de l\u2019any lit\u00fargic i de les hores del dia.<\/p>\n<p>I a m\u00e9s a m\u00e9s <strong>gaudirem <\/strong>de\u00a0la natura del Miracle i de\u00a0l\u2019art del Solson\u00e8s.<\/p>\n","protected":false},"excerpt":{"rendered":"<p>Programa del curs: El sentit de la Lit\u00fargia de les Hores L\u2019any lit\u00fargic Els salms de Laudes i de Vespres Els Pares de l\u2019Esgl\u00e9sia Cantar la Lit\u00fargia Els c\u00e0ntics del Nou Testament Laudes i Vespres al monestir, a la parr\u00f2quia i a la vida quotidiana Ens hi acompanyaran per aprofundir-hi:\u00a0 &#8230;<\/p>\n","protected":false},"author":1,"featured_media":0,"parent":0,"menu_order":2,"comment_status":"closed","ping_status":"closed","template":"","meta":[],"_links":{"self":[{"href":"http:\/\/cursoliturgia.cpl.es\/index.php?rest_route=\/wp\/v2\/pages\/257"}],"collection":[{"href":"http:\/\/cursoliturgia.cpl.es\/index.php?rest_route=\/wp\/v2\/pages"}],"about":[{"href":"http:\/\/cursoliturgia.cpl.es\/index.php?rest_route=\/wp\/v2\/types\/page"}],"author":[{"embeddable":true,"href":"http:\/\/cursoliturgia.cpl.es\/index.php?rest_route=\/wp\/v2\/users\/1"}],"replies":[{"embeddable":true,"href":"http:\/\/cursoliturgia.cpl.es\/index.php?rest_route=%2Fwp%2Fv2%2Fcomments&post=257"}],"version-history":[{"count":9,"href":"http:\/\/cursoliturgia.cpl.es\/index.php?rest_route=\/wp\/v2\/pages\/257\/revisions"}],"predecessor-version":[{"id":300,"href":"http:\/\/cursoliturgia.cpl.es\/index.php?rest_route=\/wp\/v2\/pages\/257\/revisions\/300"}],"wp:attachment":[{"href":"http:\/\/cursoliturgia.cpl.es\/index.php?rest_route=%2Fwp%2Fv2%2Fmedia&parent=257"}],"curies":[{"name":"wp","href":"https:\/\/api.w.org\/{rel}","templated":true}]}}