{"id":255,"date":"2018-06-13T09:10:34","date_gmt":"2018-06-13T09:10:34","guid":{"rendered":"http:\/\/cursoliturgia.cpl.es\/?page_id=255"},"modified":"2018-08-28T06:08:28","modified_gmt":"2018-08-28T06:08:28","slug":"curs-destiu-al-santuari-del-miracle","status":"publish","type":"page","link":"http:\/\/cursoliturgia.cpl.es\/","title":{"rendered":"XXXIX Curs d\u2019estiu al Santuari del Miracle"},"content":{"rendered":"<h2><strong><span style=\"color: #007167;\">TASTAR I CON\u00c8IXER LA LIT\u00daRGIA DE LES HORES<\/span><\/strong><\/h2>\n<h3><span style=\"color: #007167;\">de dilluns 3 al divendres 7 de setembre de 2018 <\/span><\/h3>\n<p style=\"text-align: left;\">La Lit\u00fargia de les Hores \u00e9s una preg\u00e0ria<br \/>\nque poden resar <strong>totes les persones<\/strong> seguidores de Jes\u00fas.<\/p>\n<p style=\"text-align: left;\">La Lit\u00fargia de les Hores \u00e9s una preg\u00e0ria<br \/>\nque <strong>parteix sobretot dels salms<\/strong>, aquells mateixos salms que Jes\u00fas resava i estimava.<\/p>\n<p style=\"text-align: left;\">La Lit\u00fargia de les Hores \u00e9s una preg\u00e0ria<br \/>\nque <strong>es pot resar sol o en grup i en comunitat<\/strong>. I que es pot <strong>cantar<\/strong>.<br \/>\nI que es pot seguir molt f\u00e0cilment \ufb01ns i tot a trav\u00e9s del <strong>m\u00f2bil<\/strong>.<\/p>\n<p>Merc\u00e8 Sol\u00e9: <a href=\"mailto:msole@cpl.es\">msole@cpl.es<\/a><br \/>\nTel\u00e8fon: 933 022 235<br \/>\n<a href=\"https:\/\/goo.gl\/forms\/ZsQoRlAOCG362wZR2\">Formulari d&#8217;inscripci\u00f3<\/a><\/p>\n<p>Portarem llibres per resar i cantar la Lit\u00fargia de les Hores, per\u00f2, si disposeu d\u2019un tel\u00e8fon m\u00f2bil o d\u2019una tauleta,\u00a0 els que bonament pugueu estaria b\u00e9 que us baix\u00e9ssiu <strong>l\u2019aplicaci\u00f3 del CPL per a la Lit\u00fargia de les Hores<\/strong>.\u00a0 N\u2019hi ha prou a seguir les instruccions que trobareu en aquest <a href=\"http:\/\/bit.ly\/2gXzqtY\">enlla\u00e7<\/a>. Si no teniu m\u00f2bil o si no us en sortiu, no patiu, que no \u00e9s imprescindible.<\/p>\n<p><a href=\"http:\/\/bit.ly\/2gXzqtY\" target=\"_blank\" rel=\"noopener\"><img loading=\"lazy\" class=\"alignnone wp-image-289\" src=\"http:\/\/cursoliturgia.cpl.es\/wp-content\/uploads\/2018\/07\/LdH-banner-app.jpg\" alt=\"\" width=\"302\" height=\"94\" \/><\/a><\/p>\n<p>&nbsp;<\/p>\n<p><iframe loading=\"lazy\" width=\"660\" height=\"371\" src=\"https:\/\/www.youtube.com\/embed\/ieGnSBqU3VM?feature=oembed\" frameborder=\"0\" allow=\"autoplay; encrypted-media\" allowfullscreen><\/iframe><\/p>\n","protected":false},"excerpt":{"rendered":"<p>TASTAR I CON\u00c8IXER LA LIT\u00daRGIA DE LES HORES de dilluns 3 al divendres 7 de setembre de 2018 La Lit\u00fargia de les Hores \u00e9s una preg\u00e0ria que poden resar totes les persones seguidores de Jes\u00fas. La Lit\u00fargia de les Hores \u00e9s una preg\u00e0ria que parteix sobretot dels salms, aquells mateixos &#8230;<\/p>\n","protected":false},"author":1,"featured_media":0,"parent":0,"menu_order":1,"comment_status":"closed","ping_status":"closed","template":"","meta":[],"_links":{"self":[{"href":"http:\/\/cursoliturgia.cpl.es\/index.php?rest_route=\/wp\/v2\/pages\/255"}],"collection":[{"href":"http:\/\/cursoliturgia.cpl.es\/index.php?rest_route=\/wp\/v2\/pages"}],"about":[{"href":"http:\/\/cursoliturgia.cpl.es\/index.php?rest_route=\/wp\/v2\/types\/page"}],"author":[{"embeddable":true,"href":"http:\/\/cursoliturgia.cpl.es\/index.php?rest_route=\/wp\/v2\/users\/1"}],"replies":[{"embeddable":true,"href":"http:\/\/cursoliturgia.cpl.es\/index.php?rest_route=%2Fwp%2Fv2%2Fcomments&post=255"}],"version-history":[{"count":10,"href":"http:\/\/cursoliturgia.cpl.es\/index.php?rest_route=\/wp\/v2\/pages\/255\/revisions"}],"predecessor-version":[{"id":298,"href":"http:\/\/cursoliturgia.cpl.es\/index.php?rest_route=\/wp\/v2\/pages\/255\/revisions\/298"}],"wp:attachment":[{"href":"http:\/\/cursoliturgia.cpl.es\/index.php?rest_route=%2Fwp%2Fv2%2Fmedia&parent=255"}],"curies":[{"name":"wp","href":"https:\/\/api.w.org\/{rel}","templated":true}]}}